 thousands digit of 140773726?
7
What is the hundred thousands digit of 152936067?
9
What is the millions digit of 29528155?
9
What is the millions digit of 112114771?
2
What is the millions digit of 189335593?
9
What is the ten thousands digit of 106096995?
9
What is the hundreds digit of 233300149?
1
What is the hundreds digit of 35605660?
6
What is the hundred millions digit of 1922999946?
9
What is the ten thousands digit of 43666991?
6
What is the tens digit of 4401733258?
5
What is the tens digit of 2693655424?
2
What is the tens digit of 3449165981?
8
What is the units digit of 168906823?
3
What is the hundreds digit of 2924904540?
5
What is the hundreds digit of 149642493?
4
What is the thousands digit of 175387041?
7
What is the ten thousands digit of 64949529?
4
What is the hundred thousands digit of 30632236?
6
What is the ten thousands digit of 1128456802?
5
What is the thousands digit of 24716270?
6
What is the millions digit of 422793127?
2
What is the hundred thousands digit of 201020092?
0
What is the thousands digit of 105933997?
3
What is the tens digit of 747124158?
5
What is the hundred thousands digit of 9036041?
0
What is the hundred thousands digit of 226875366?
8
What is the millions digit of 134726480?
4
What is the units digit of 2808056982?
2
What is the thousands digit of 6250000834?
0
What is the thousands digit of 126814370?
4
What is the hundreds digit of 837226?
2
What is the units digit of 76544562?
2
What is the hundred thousands digit of 73123919?
1
What is the thousands digit of 51145443?
5
What is the units digit of 75911023?
3
What is the hundreds digit of 231457850?
8
What is the thousands digit of 4443036371?
6
What is the hundred millions digit of 191555492?
1
What is the units digit of 1566347202?
2
What is the hundred millions digit of 604947728?
6
What is the ten thousands digit of 668603025?
0
What is the tens digit of 5173509187?
8
What is the hundred thousands digit of 466976113?
9
What is the thousands digit of 63203877?
3
What is the tens digit of 27446067?
6
What is the ten millions digit of 25606383?
2
What is the ten thousands digit of 67829138?
2
What is the units digit of 7162368577?
7
What is the thousands digit of 42552304?
2
What is the millions digit of 7274768404?
4
What is the hundreds digit of 145568904?
9
What is the thousands digit of 131843620?
3
What is the tens digit of 17810806?
0
What is the thousands digit of 16325916?
5
What is the hundred thousands digit of 9978809?
9
What is the ten millions digit of 54961786?
5
What is the ten millions digit of 2083893755?
8
What is the hundred millions digit of 1833767145?
8
What is the ten thousands digit of 55619500?
1
What is the tens digit of 8430172577?
7
What is the millions digit of 2283273650?
3
What is the hundred millions digit of 418731979?
4
What is the ten millions digit of 427468958?
2
What is the hundred thousands digit of 2161045837?
0
What is the units digit of 253958273?
3
What is the millions digit of 33406021?
3
What is the thousands digit of 575809416?
9
What is the ten millions digit of 13646836?
1
What is the millions digit of 44975292?
4
What is the hundreds digit of 315860199?
1
What is the hundreds digit of 16186646?
6
What is the tens digit of 759877179?
7
What is the ten thousands digit of 289363278?
6
What is the tens digit of 446526328?
2
What is the tens digit of 418408884?
8
What is the units digit of 322454950?
0
What is the tens digit of 46309151?
5
What is the millions digit of 5754988394?
4
What is the hundreds digit of 1166308247?
2
What is the millions digit of 601286332?
1
What is the ten thousands digit of 131430132?
3
What is the hundred millions digit of 2003329350?
0
What is the tens digit of 13945231?
3
What is the hundred millions digit of 192358744?
1
What is the millions digit of 166254417?
6
What is the thousands digit of 9924874?
4
What is the hundreds digit of 227384769?
7
What is the units digit of 141610475?
5
What is the ten thousands digit of 232792473?
9
What is the hundred thousands digit of 3875068683?
0
What is the hundreds digit of 3328365757?
7
What is the ten thousands digit of 45622092?
2
What is the hundreds digit of 995267132?
1
What is the units digit of 130132305?
5
What is the units digit of 96307035?
5
What is the hundred millions digit of 1476554205?
4
What is the units digit of 3334686239?
9
What is the thousands digit of 484773940?
3
What is the ten millions digit of 2501159269?
0
What is the tens digit of 30350095?
9
What is the tens digit of 238441733?
3
What is the tens digit of 4884734282?
8
What is the units digit of 80493158?
8
What is the tens digit of 176686984?
8
What is the hundreds digit of 109962367?
3
What is the millions digit of 1696992558?
6
What is the ten thousands digit of 417844474?
4
What is the hundred thousands digit of 3025935271?
9
What is the ten millions digit of 91676570?
9
What is the hundreds digit of 1237754048?
0
What is the ten millions digit of 700477570?
0
What is the hundreds digit of 16807385?
3
What is the millions digit of 282133859?
2
What is the thousands digit of 1552519382?
9
What is the hundreds digit of 339861013?
0
What is the hundred thousands digit of 2869040?
8
What is the billions digit of 1578949927?
1
What is the billions digit of 2753944510?
2
What is the millions digit of 143520582?
3
What is the ten millions digit of 106418146?
0
What is the ten thousands digit of 278162666?
6
What is the millions digit of 177939447?
7
What is the thousands digit of 31117281?
7
What is the hundred thousands digit of 47837022?
8
What is the hundred millions digit of 506286394?
5
What is the ten thousands digit of 477089803?
8
What is the millions digit of 364187280?
4
What is the millions digit of 294485375?
4
What is the units digit of 382872436?
6
What is the units digit of 2102376540?
0
What is the billions digit of 1538888300?
1
What is the hundred thousands digit of 715309825?
3
What is the hundreds digit of 1607553211?
2
What is the units digit of 18070056?
6
What is the ten millions digit of 403661429?
0
What is the ten millions digit of 86901670?
8
What is the hundred millions digit of 1070152260?
0
What is the tens digit of 114223876?
7
What is the billions digit of 1583782666?
1
What is the hundreds digit of 38579664?
6
What is the millions digit of 79299160?
9
What is the hundreds digit of 107987521?
5
What is the hundred millions digit of 677036205?
6
What is the units digit of 176170690?
0
What is the ten thousands digit of 94786906?
8
What is the ten thousands digit of 256860229?
6
What is the hundred thousands digit of 45019714?
0
What is the millions digit of 7264699819?
4
What is the ten millions digit of 152514942?
5
What is the hundred thousands digit of 63613623?
6
What is the hundreds digit of 12449827?
8
What is the hundred millions digit of 1661217041?
6
What is the ten millions digit of 2141497846?
4
What is the units digit of 61473503?
3
What is the units digit of 6399175358?
8
What is the ten thousands digit of 27048302?
4
What is the ten thousands digit of 909870199?
7
What is the hundreds digit of 37491964?
9
What is the hundred thousands digit of 55523155?
5
What is the ten thousands digit of 4185159?
8
What is the ten thousands digit of 316245752?
4
What is the ten thousands digit of 101067298?
6
What is the ten millions digit of 2713543754?
1
What is the hundred millions digit of 309576605?
3
What is the millions digit of 3539023203?
9
What is the hundred millions digit of 3358534735?
3
What is the hundred thousands digit of 48173446?
1
What is the units digit of 124507044?
4
What is the ten thousands digit of 821769145?
6
What is the hundred thousands digit of 251027156?
0
What is the billions digit of 1082227732?
1
What is the hundreds digit of 3517716126?
1
What is the millions digit of 259942570?
9
What is the hundred thousands digit of 25007082?
0
What is the hundred thousands digit of 722208356?
2
What is the hundred thousands digit of 72864057?
8
What is the ten thousands digit of 34087050?
8
What is the units digit of 3504040902?
2
What is the ten thousands digit of 230541836?
4
What is the hundred thousands digit of 40812321?
8
What is the hundred millions digit of 853869389?
8
What is t